{"id":94,"date":"2020-12-04T16:11:35","date_gmt":"2020-12-04T16:11:35","guid":{"rendered":"https:\/\/afarq.net\/?page_id=94"},"modified":"2023-08-18T03:00:58","modified_gmt":"2023-08-18T06:00:58","slug":"servicos","status":"publish","type":"page","link":"https:\/\/dev.brainwp.com.br\/tyba\/servicos\/","title":{"rendered":"Servi\u00e7os"},"content":{"rendered":"\t\t<div data-elementor-type=\"wp-page\" data-elementor-id=\"94\" class=\"elementor elementor-94\">\n\t\t\t\t\t\t<section class=\"elementor-section elementor-top-section elementor-element elementor-element-17822380 elementor-section-height-min-height elementor-section-boxed elementor-section-height-default elementor-section-items-middle\" data-id=\"17822380\" data-element_type=\"section\" data-e-type=\"section\" data-settings=\"{&quot;background_background&quot;:&quot;classic&quot;}\">\n\t\t\t\t\t\t\t<div class=\"elementor-background-overlay\"><\/div>\n\t\t\t\t\t\t\t<div class=\"elementor-container elementor-column-gap-default\">\n\t\t\t\t\t<div class=\"elementor-column elementor-col-100 elementor-top-column elementor-element elementor-element-1cfa1cc\" data-id=\"1cfa1cc\" data-element_type=\"column\" data-e-type=\"column\">\n\t\t\t<div class=\"elementor-widget-wrap elementor-element-populated\">\n\t\t\t\t\t\t<div class=\"elementor-element elementor-element-3a2d1c3b elementor-widget elementor-widget-heading\" data-id=\"3a2d1c3b\" data-element_type=\"widget\" data-e-type=\"widget\" data-widget_type=\"heading.default\">\n\t\t\t\t<div class=\"elementor-widget-container\">\n\t\t\t\t\t<h2 class=\"elementor-heading-title elementor-size-default\">Servi\u00e7os<\/h2>\t\t\t\t<\/div>\n\t\t\t\t<\/div>\n\t\t\t\t\t<\/div>\n\t\t<\/div>\n\t\t\t\t\t<\/div>\n\t\t<\/section>\n\t\t\t\t<section class=\"elementor-section elementor-top-section elementor-element elementor-element-2e0f1da9 elementor-section-boxed elementor-section-height-default elementor-section-height-default\" data-id=\"2e0f1da9\" data-element_type=\"section\" data-e-type=\"section\" data-settings=\"{&quot;background_background&quot;:&quot;classic&quot;}\">\n\t\t\t\t\t\t<div class=\"elementor-container elementor-column-gap-default\">\n\t\t\t\t\t<div class=\"elementor-column elementor-col-100 elementor-top-column elementor-element elementor-element-140e355c\" data-id=\"140e355c\" data-element_type=\"column\" data-e-type=\"column\">\n\t\t\t<div class=\"elementor-widget-wrap elementor-element-populated\">\n\t\t\t\t\t\t<div class=\"elementor-element elementor-element-1b8cf10c elementor-widget elementor-widget-heading\" data-id=\"1b8cf10c\" data-element_type=\"widget\" data-e-type=\"widget\" data-widget_type=\"heading.default\">\n\t\t\t\t<div class=\"elementor-widget-container\">\n\t\t\t\t\t<h2 class=\"elementor-heading-title elementor-size-default\">o que oferecemos<\/h2>\t\t\t\t<\/div>\n\t\t\t\t<\/div>\n\t\t\t\t<div class=\"elementor-element elementor-element-35ca195d elementor-widget elementor-widget-heading\" data-id=\"35ca195d\" data-element_type=\"widget\" data-e-type=\"widget\" data-widget_type=\"heading.default\">\n\t\t\t\t<div class=\"elementor-widget-container\">\n\t\t\t\t\t<h2 class=\"elementor-heading-title elementor-size-default\">Nossos servi\u00e7os s\u00e3o pensados em voc\u00ea, sua real necessidade e possibilidade.<\/h2>\t\t\t\t<\/div>\n\t\t\t\t<\/div>\n\t\t\t\t<section class=\"elementor-section elementor-inner-section elementor-element elementor-element-782bde7b elementor-section-boxed elementor-section-height-default elementor-section-height-default\" data-id=\"782bde7b\" data-element_type=\"section\" data-e-type=\"section\" data-settings=\"{&quot;background_background&quot;:&quot;classic&quot;}\">\n\t\t\t\t\t\t\t<div class=\"elementor-background-overlay\"><\/div>\n\t\t\t\t\t\t\t<div class=\"elementor-container elementor-column-gap-default\">\n\t\t\t\t\t<div class=\"elementor-column elementor-col-33 elementor-inner-column elementor-element elementor-element-1db7f9c9\" data-id=\"1db7f9c9\" data-element_type=\"column\" data-e-type=\"column\" data-settings=\"{&quot;background_background&quot;:&quot;classic&quot;}\">\n\t\t\t<div class=\"elementor-widget-wrap elementor-element-populated\">\n\t\t\t\t\t\t<div class=\"elementor-element elementor-element-5e6bc77c elementor-widget elementor-widget-aee-image-box\" data-id=\"5e6bc77c\" data-element_type=\"widget\" data-e-type=\"widget\" data-widget_type=\"aee-image-box.default\">\n\t\t\t\t<div class=\"elementor-widget-container\">\n\t\t\t\t\t\t    <div class=\"better-single-image-box style-1\">\r\n\t        \t            <h2>01<\/h2>\r\n\t        \t        \t        <h4>Arquitetura<\/h4>\r\n\t        <p><\/p>\r\n\t        \t    <\/div>\r\n\t\t\t\t\t<\/div>\n\t\t\t\t<\/div>\n\t\t\t\t\t<\/div>\n\t\t<\/div>\n\t\t\t\t<div class=\"elementor-column elementor-col-33 elementor-inner-column elementor-element elementor-element-2d833333\" data-id=\"2d833333\" data-element_type=\"column\" data-e-type=\"column\" data-settings=\"{&quot;background_background&quot;:&quot;classic&quot;}\">\n\t\t\t<div class=\"elementor-widget-wrap elementor-element-populated\">\n\t\t\t\t\t\t<div class=\"elementor-element elementor-element-21c8364f elementor-widget elementor-widget-aee-image-box\" data-id=\"21c8364f\" data-element_type=\"widget\" data-e-type=\"widget\" data-widget_type=\"aee-image-box.default\">\n\t\t\t\t<div class=\"elementor-widget-container\">\n\t\t\t\t\t\t    <div class=\"better-single-image-box style-1\">\r\n\t        \t            <h2>02<\/h2>\r\n\t        \t        \t        <h4>Design de Interiores<\/h4>\r\n\t        <p><\/p>\r\n\t        \t    <\/div>\r\n\t\t\t\t\t<\/div>\n\t\t\t\t<\/div>\n\t\t\t\t\t<\/div>\n\t\t<\/div>\n\t\t\t\t<div class=\"elementor-column elementor-col-33 elementor-inner-column elementor-element elementor-element-1509ac6a\" data-id=\"1509ac6a\" data-element_type=\"column\" data-e-type=\"column\" data-settings=\"{&quot;background_background&quot;:&quot;classic&quot;}\">\n\t\t\t<div class=\"elementor-widget-wrap elementor-element-populated\">\n\t\t\t\t\t\t<div class=\"elementor-element elementor-element-000b30f elementor-widget elementor-widget-aee-image-box\" data-id=\"000b30f\" data-element_type=\"widget\" data-e-type=\"widget\" data-widget_type=\"aee-image-box.default\">\n\t\t\t\t<div class=\"elementor-widget-container\">\n\t\t\t\t\t\t    <div class=\"better-single-image-box style-1\">\r\n\t        \t            <h2>03<\/h2>\r\n\t        \t        \t        <h4>Acompanhamento de Obra<\/h4>\r\n\t        <p><\/p>\r\n\t        \t    <\/div>\r\n\t\t\t\t\t<\/div>\n\t\t\t\t<\/div>\n\t\t\t\t\t<\/div>\n\t\t<\/div>\n\t\t\t\t\t<\/div>\n\t\t<\/section>\n\t\t\t\t<section class=\"elementor-section elementor-inner-section elementor-element elementor-element-105468d0 elementor-section-full_width elementor-section-height-default elementor-section-height-default\" data-id=\"105468d0\" data-element_type=\"section\" data-e-type=\"section\" data-settings=\"{&quot;background_background&quot;:&quot;classic&quot;}\">\n\t\t\t\t\t\t\t<div class=\"elementor-background-overlay\"><\/div>\n\t\t\t\t\t\t\t<div class=\"elementor-container elementor-column-gap-default\">\n\t\t\t\t\t<div class=\"elementor-column elementor-col-33 elementor-inner-column elementor-element elementor-element-9e9211c\" data-id=\"9e9211c\" data-element_type=\"column\" data-e-type=\"column\" data-settings=\"{&quot;background_background&quot;:&quot;classic&quot;}\">\n\t\t\t<div class=\"elementor-widget-wrap elementor-element-populated\">\n\t\t\t\t\t\t<div class=\"elementor-element elementor-element-62b0d6c0 elementor-widget elementor-widget-aee-image-box\" data-id=\"62b0d6c0\" data-element_type=\"widget\" data-e-type=\"widget\" data-widget_type=\"aee-image-box.default\">\n\t\t\t\t<div class=\"elementor-widget-container\">\n\t\t\t\t\t\t    <div class=\"better-single-image-box style-1\">\r\n\t        \t            <h2>04<\/h2>\r\n\t        \t        \t        <h4>Reforma Residencial<\/h4>\r\n\t        <p><\/p>\r\n\t        \t    <\/div>\r\n\t\t\t\t\t<\/div>\n\t\t\t\t<\/div>\n\t\t\t\t\t<\/div>\n\t\t<\/div>\n\t\t\t\t<div class=\"elementor-column elementor-col-33 elementor-inner-column elementor-element elementor-element-518f74e9\" data-id=\"518f74e9\" data-element_type=\"column\" data-e-type=\"column\" data-settings=\"{&quot;background_background&quot;:&quot;classic&quot;}\">\n\t\t\t<div class=\"elementor-widget-wrap elementor-element-populated\">\n\t\t\t\t\t\t<div class=\"elementor-element elementor-element-183d6fe elementor-widget elementor-widget-aee-image-box\" data-id=\"183d6fe\" data-element_type=\"widget\" data-e-type=\"widget\" data-widget_type=\"aee-image-box.default\">\n\t\t\t\t<div class=\"elementor-widget-container\">\n\t\t\t\t\t\t    <div class=\"better-single-image-box style-1\">\r\n\t        \t            <h2>05<\/h2>\r\n\t        \t        \t        <h4>Reforma Comercial<\/h4>\r\n\t        <p><\/p>\r\n\t        \t    <\/div>\r\n\t\t\t\t\t<\/div>\n\t\t\t\t<\/div>\n\t\t\t\t\t<\/div>\n\t\t<\/div>\n\t\t\t\t<div class=\"elementor-column elementor-col-33 elementor-inner-column elementor-element elementor-element-2480cf88\" data-id=\"2480cf88\" data-element_type=\"column\" data-e-type=\"column\" data-settings=\"{&quot;background_background&quot;:&quot;classic&quot;}\">\n\t\t\t<div class=\"elementor-widget-wrap elementor-element-populated\">\n\t\t\t\t\t\t<div class=\"elementor-element elementor-element-1f5af788 elementor-widget elementor-widget-aee-image-box\" data-id=\"1f5af788\" data-element_type=\"widget\" data-e-type=\"widget\" data-widget_type=\"aee-image-box.default\">\n\t\t\t\t<div class=\"elementor-widget-container\">\n\t\t\t\t\t\t    <div class=\"better-single-image-box style-1\">\r\n\t        \t            <h2>06<\/h2>\r\n\t        \t        \t        <h4>Desenvolvimento de Planta<\/h4>\r\n\t        <p><\/p>\r\n\t        \t    <\/div>\r\n\t\t\t\t\t<\/div>\n\t\t\t\t<\/div>\n\t\t\t\t\t<\/div>\n\t\t<\/div>\n\t\t\t\t\t<\/div>\n\t\t<\/section>\n\t\t\t\t\t<\/div>\n\t\t<\/div>\n\t\t\t\t\t<\/div>\n\t\t<\/section>\n\t\t\t\t<\/div>\n\t\t","protected":false},"excerpt":{"rendered":"<p>Servi\u00e7os o que oferecemos Nossos servi\u00e7os s\u00e3o pensados em voc\u00ea, sua real necessidade e possibilidade. 01 Arquitetura 02 Design de Interiores 03 Acompanhamento de Obra 04 Reforma Residencial 05 Reforma Comercial 06 Desenvolvimento de Planta<\/p>\n","protected":false},"author":1,"featured_media":0,"parent":0,"menu_order":0,"comment_status":"closed","ping_status":"closed","template":"elementor_header_footer","meta":{"footnotes":""},"class_list":["post-94","page","type-page","status-publish","hentry"],"_links":{"self":[{"href":"https:\/\/dev.brainwp.com.br\/tyba\/wp-json\/wp\/v2\/pages\/94","targetHints":{"allow":["GET"]}}],"collection":[{"href":"https:\/\/dev.brainwp.com.br\/tyba\/wp-json\/wp\/v2\/pages"}],"about":[{"href":"https:\/\/dev.brainwp.com.br\/tyba\/wp-json\/wp\/v2\/types\/page"}],"author":[{"embeddable":true,"href":"https:\/\/dev.brainwp.com.br\/tyba\/wp-json\/wp\/v2\/users\/1"}],"replies":[{"embeddable":true,"href":"https:\/\/dev.brainwp.com.br\/tyba\/wp-json\/wp\/v2\/comments?post=94"}],"version-history":[{"count":31,"href":"https:\/\/dev.brainwp.com.br\/tyba\/wp-json\/wp\/v2\/pages\/94\/revisions"}],"predecessor-version":[{"id":2187,"href":"https:\/\/dev.brainwp.com.br\/tyba\/wp-json\/wp\/v2\/pages\/94\/revisions\/2187"}],"wp:attachment":[{"href":"https:\/\/dev.brainwp.com.br\/tyba\/wp-json\/wp\/v2\/media?parent=94"}],"curies":[{"name":"wp","href":"https:\/\/api.w.org\/{rel}","templated":true}]}}